0)/6. Suppose -2*i - 5*r = 3*i - 220, 4*i - 5*r = 176. Calculate the highest common factor of z and i.
44
Suppose -131*b - 150*b + 22596 = -12*b. Calculate the highest common divisor of b and 948.
12
Let b = -11738 - -12620. Suppose 4*v - 68 = 4*x, -5*v + 3*v + 38 = 2*x. Calculate the greatest common factor of v and b.
18
Suppose 0 = -150*f + 8924 + 49876. Calculate the highest common divisor of f and 182.
14
Suppose 332 = 7*l - 705 - 1021. Calculate the highest common divisor of l and 1372.
98
Let t(m) = -m**3 + 12*m**2 + 4*m + 14. Let y be t(12). Suppose 188*q = -161 + 913. Calculate the greatest common divisor of y and q.
2
Suppose -5*v = 2*i - 29, -45 = -4*v + 3*i - 8. Let f(b) = 5*b**2 - 11*b + 7. Let o be f(v). Calculate the highest common factor of o and 50.
25
Suppose -2*m + m + 43 = 0. Let u = 35 + m. Let t(o) = 532*o - 14358. Let z be t(27). What is the highest common divisor of z and u?
6
Let x be (-1)/(-1) - (181 - 488). Calculate the greatest common divisor of 110 and x.
22
Suppose 0 = 105*j - 100*j + 15. Let r be (-1)/(4/(36/j)). Suppose -r*y + 69 + 41 = -4*p, 0 = 3*y - 5*p - 109. Calculate the highest common divisor of 95 and y.
19
Let m(s) = 2*s + 21. Let d be m(-8). Let u be d + -2 + (328 - -5). Calculate the greatest common factor of u and 42.
42
Let f = -16843 + 17078. Calculate the greatest common factor of f and 10105.
235
Let w(d) = -d - 12. Let c be w(5). Let v be c/2 + 1/(-2). Let q = 27 + v. Calculate the greatest common divisor of 54 and q.
18
Suppose -3*o + 2*l = -3, -40 = -3*o + 3*l - 34. Let y be (((-34)/6)/o)/(45/1890). What is the greatest common factor of 14 and y?
14
Let j = 49 + -58. Let u = -28 + j. Let i = u - -44. Calculate the greatest common factor of 28 and i.
7
Suppose 3*k = 6, 3*k - 2211 - 1059 = -4*d. What is the highest common divisor of 255 and d?
51
Let c be -18 + 15 + 26/1. Let q be (-4)/(-4) + 2 + c. Let r(z) = 7*z**2 - 39*z - 5. Let w be r(7). What is the highest common factor of w and q?
13
Suppose -23 = 4*a - 71. Let l(q) = 3*q**2 - 50*q + 117. Let s be l(15). What is the greatest common factor of a and s?
6
Let g(y) = y**2 - y + 84. Let l be g(0). Let a = -1612 - -1708. Calculate the highest common factor of l and a.
12
Suppose 0 = -2*v - f + 81, -25 - 38 = -v - 3*f. Calculate the greatest common divisor of v and 332.
4
Suppose 2*n = 5*p - 18, 0*n = n - 1. Suppose l - 3*g - 53 = 0, -2*l + 4*l - 126 = -p*g. Calculate the highest common factor of l and 59.
59
Let i(m) = -7*m**2 + 85*m - 48. Let u be i(8). Calculate the greatest common divisor of u and 1058.
46
Suppose 24 = g + g. Let a(v) = 10*v + 134. Let i be a(-13). Suppose -10*d + i*d + 36 = 0. What is the greatest common factor of d and g?
6
Let m = 56531 + -56456. Let w(a) = 7*a**2 - a - 3. Let j be w(4). What is the highest common divisor of m and j?
15
Suppose -p = -4*s - 1805, -3*s + 3620 = 2*p - 1. Calculate the greatest common factor of 134 and p.
67
Let h(u) = 6*u**3 + u - 1. Let b be h(1). Suppose -2*t - 4*v + 840 = 0, 3*t + 4*v = 796 + 470. Calculate the highest common divisor of b and t.
6
Suppose -52 = -5*u + 4*u. Suppose -y + 174 = 161. Calculate the highest common factor of u and y.
13
Let w be 2/(-7) - 23/(-7) - -1. Suppose -w*v - 2*v = -126. Let j = 30 - v. What is the greatest common divisor of j and 99?
9
Suppose 299341 = 109*f + 116439. What is the highest common factor of f and 10?
2
Let b = 81 - 37. Suppose 12 = -4*w - b. Let a be (9/(-21) - -1) + (-1812)/w. What is the greatest common divisor of a and 13?
13
Suppose d - 2*d = -66. Let o(q) = -q**2 - 5*q. Let h be o(-3). Calculate the highest common factor of d and h.
6
Suppose 63*t = 64*t - 22. Let o(g) = -4*g + 6 + 2*g + 3*g. Let j be o(-4). What is the greatest common factor of j and t?
2
Let f(v) = -v**3 + 16*v**2 - 30*v + 33. Let b be f(14). Suppose 0 = b*q + 5, 2*r + r + 2*q = 130. Calculate the greatest common divisor of r and 176.
44
Suppose 2*o = 3 - 9. Let b be -1 + 3 + (-3 - o). Suppose -5*h + 4*k - 2*k - 3 = 0, h = -3*k + 13. Calculate the greatest common divisor of b and h.
1
Let i = -44 - -48. Let c be (63/(-28))/(-9) - 261/i. Let d = 77 + c. What is the greatest common divisor of d and 132?
12
Let k be 344131/341 - 6/33 - 4. Calculate the highest common divisor of 21440 and k.
335
Let i(s) = 3969*s**3 + 4*s**2 + 20*s - 21. Let r be i(1). What is the highest common factor of 36 and r?
12
Let t(l) = -442*l + 703. Let q be t(-8). Calculate the greatest common divisor of 135 and q.
27
Suppose -2*u = a - 3 - 9, 2 = -4*a + 2*u. Suppose -a*f + 318 = 5*b - 70, -4*b + 308 = f. What is the highest common factor of b and 114?
38
Suppose -3 - 2 = -f. Suppose 3*x - s = 7, 4*x - 8*s - 16 = -10*s. Suppose 0 = x*b - 2*c - 41, 0*b + 19 = b + 2*c. What is the highest common factor of b and f?
5
Let m(t) = t**2 + t + 6. Let a be m(6). Let i(q) = 7*q**2 - 8*q - 22. Let x be i(-4). Let f = 154 - x. What is the highest common divisor of a and f?
16
Let x(a) = -944*a - 8493. Let g be x(-9). What is the greatest common divisor of 1893 and g?
3
Suppose 2*o = 3*b + 2331, 708 = 3*o + 3*b - 2811. Calculate the greatest common divisor of o and 345.
15
Suppose -5*l + 26 + 32 = -7, 2*a - 4 = 2*l. Suppose -2*c + 19 + 71 = 0. Calculate the greatest common divisor of a and c.
15
Let o(j) = 7*j**3 + 3*j**2 + 6*j - 10. Suppose 0 = 299*d - 296*d - 9. Let u be o(d). What is the greatest common divisor of u and 112?
112
Let t = 31845 + -14117. What is the greatest common factor of t and 277?
277
Let r be 0/(-5) + 0 + 5. Suppose -r*g = -5*b + 50, -g + 5*g = -5*b + 14. What is the highest common factor of 174 and b?
6
Let p = 41 + -37. Let k be p + -4 - 0 - -4. Suppose -k*b + 2*s + 114 = 0, 3*b - 105 = -b + 5*s. What is the highest common divisor of b and 120?
30
Suppose 9*i = -3*m + 192, 2*m + 24 = 3*i + 152. Suppose 5*n - 8*n + 48 = 0. What is the greatest common divisor of m and n?
16
Let r = 70 - 22. Suppose 10*t - 161 = 519. Let p be (102/t)/((-6)/(-128)). What is the greatest common factor of p and r?
16
Let o(c) = 31*c**3 + 95*c**2 - 53*c**2 - 47*c**2. Let p be o(2). What is the greatest common factor of p and 38?
38
Suppose 2*w - 1364 = -74*c + 73*c, 3*w - 2*c - 2032 = 0. What is the greatest common factor of w and 80?
40
Let s = -44 + 71. Let v be ((-3)/(s/(-12)))/(1/(-9)). Let m = 4 - v. Calculate the highest common factor of 8 and m.
8
Suppose -3*b - 30 = -3*a, 0*a + a + 14 = -5*b. Let z(v) = -12*v + 96. Let s be z(a). Calculate the highest common divisor of s and 16.
8
Let z = 2791 + -2617. Calculate the highest common divisor of 1682 and z.
58
Let p = 439 - 437. Let v be (13 - p)*(-5 + 60). Calculate the greatest common factor of 55 and v.
55
Let r = -19 + 46. Let n(o) = -o + 0*o**2 + 2*o**2 - 15 + 6*o - o**2. Let q be n(-8). Calculate the greatest common divisor of r and q.
9
Suppose q - 28 = -3*q. Suppose -2*b = l - 649, 4*l + b - 1462 - 1127 = 0. Let z = l - 619. Calculate the highest common divisor of q and z.
7
Let x(f) = 2*f**3 - 30*f**2 + 5*f - 11. Let j(r) = r**3 + 9*r**2 - 2*r - 3. Let u be j(-9). Let v be x(u). Calculate the greatest common factor of v and 64.
64
Let d = -144 - -164. Suppose 5*j = 4*v + 19 + d, -4*j + 5*v + 33 = 0. What is the highest common factor of j and 4?
1
Let c(n) be the second derivative of 3*n**4/4 + 13*n**3/2 - 4*n**2 - 13*n - 2. Let y be c(-5). What is the highest common factor of y and 55?
11
Let g be -318 + 8 - (1 + -8). Let o = -302 - g. Let x = 0 - -1. What is the highest common factor of x and o?
1
Suppose j + t = 45, 2*t + 17 = j - 28. Let q be -2*4/(48/(-270)). What is the greatest common factor of q and j?
45
Let w(h) = -23*h. Let l be w(-1). Let f(r) = -r**2 + 25*r - 33. Let b be f(l). What is the highest common divisor of b and 442?
13
Let f = -7569 + 11581. What is the highest common factor of f and 708?
236
Let p be (204/(-9))/(203/42 + -5). Suppose -6*u = -22 - 26. What is the highest common factor of p and u?
8
Let x = 24375 + -24336. Let q(f) = f**3 + 429. Let w be q(0). Calculate the highest common divisor of w and x.
39
Let i be -7 + 11 - 18 - -1877. What is the highest common factor of 1656 and i?
207
Let y(f) = 110*f**2 - 1073*f + 5365. Let r be y(5). What is the greatest common divisor of r and 66?
22
Let s = -12598 + 17